osite?
False
Let t = -2330 + 9079. Is t composite?
True
Suppose 0 = z + 4*v - 3643, z = 3*v - 8*v + 3645. Is z prime?
False
Let w = 384 - 154. Suppose 0 = -l + q + 251, -3*l + 523 = 2*q - w. Is l composite?
False
Let p = 9578 + 3788. Is p/10 - (-4)/10 prime?
False
Suppose 5*k + 7 = 17. Suppose -k*j - 4 - 2 = 0. Let w(n) = -59*n + 4. Is w(j) a prime number?
True
Suppose 18*f - 3424 = 14*f. Let q = f + -597. Is q a composite number?
True
Let l = 271 + 1686. Is l prime?
False
Let j be 1*(2 + 0 - 2). Suppose j*v = 2*f + v - 405, -815 = -4*f + 3*v. Suppose -3*a - 2*a + 445 = -5*m, 0 = -2*a - 3*m + f. Is a a composite number?
True
Suppose -2*f - 5*p + 18039 = 0, -12691 - 32390 = -5*f + 4*p. Is f prime?
False
Suppose 34*d - 139366 = -14960. Is d composite?
False
Let p(n) = -40*n - 21. Suppose 2*a - 3*a = -44. Suppose 0*v + v + 11 = x, 0 = 4*v + 4*x + a. Is p(v) prime?
True
Suppose -a + 8 - 157 = 0. Let i = a + 233. Suppose h - i + 5 = 0. Is h composite?
False
Let b = 14302 - 9041. Is b composite?
False
Is 431505/51 + 32/272 a composite number?
False
Suppose 0 = 5*p - 5*w + 10, 16 + 4 = 4*w. Let c be 6/6 + (p - 0). Suppose -3*q + 85 = -2*q - c*f, q - 2*f = 77. Is q prime?
False
Suppose -b + 0*b - 10 = -i, 3*i - 5*b - 40 = 0. Suppose 6 = -i*t + 76. Suppose 0 = -5*x + r + 185, 3*x - t = 2*r + 90. Is x a composite number?
True
Let a = 2 + 8. Let i be 2 + 3/(3/a). Is 5/(-30) + 614/i a composite number?
True
Let i(p) = -213*p + 24. Let d be i(-15). Suppose 22*f = 19*f + d. Is f composite?
True
Suppose -3*m + 710 = -1372. Is m prime?
False
Let u = -4 - -16. Let j = u - 7. Suppose z + 331 = j*y + 2*z, -256 = -4*y - 3*z. Is y a prime number?
True
Let d(v) = 768*v**2 - 8*v + 33. Is d(4) composite?
False
Is 2*9/(-6) - -8926 a prime number?
True
Let q = 15469 + 4192. Is q a composite number?
False
Suppose 3*s + 0*s = 12, -4*k = -5*s + 152. Let g = k + 37. Suppose -2*b + 4*t + 213 = -b, 0 = 4*b - g*t - 912. Is b prime?
True
Let x = 83746 - 33441. Is x prime?
False
Let z(t) = 21*t**2 - 24*t - 114. Is z(-15) prime?
False
Let u(t) = 2*t + 12. Let d be u(-6). Let b(o) = -2*o + 214. Is b(d) prime?
False
Let k(z) be the first derivative of -z**4/4 - z**3 - 3*z**2/2 + 2*z - 2. Suppose -v = -5 + 10. Is k(v) prime?
True
Suppose 92740 = 62*i - 42*i. Is i prime?
True
Is ((-10781)/(-2))/((-18)/(-4) + -4) a prime number?
True
Suppose -2*r - 12321 = -3*f, -5*r - 568 = -4*f + 15867. Is f composite?
True
Suppose 10*f - f = 36. Suppose -3*v + f*z = -3965, 3*v + 417 = 5*z + 4384. Is v a prime number?
True
Suppose -3*d = 5*x - 4*d - 5, 4*x - 3*d = -7. Suppose -x*b - 3*b = -3365. Is b composite?
False
Suppose -b - p - 80 = 3*b, 5*p = 5*b + 125. Let q = 56 + b. Is q a prime number?
False
Suppose 2*l = -5*d + 10035, l + 0*l + d = 5016. Suppose 4*g - 9*g = -l. Is g a composite number?
True
Let t = 5122 + -3329. Is t prime?
False
Let q(t) = -t**3 + 9*t**2 - 7*t - 8. Let w be q(8). Let b be 10*(w - (-2)/4). Suppose -2*y = 4*p + 2*y - 256, b*p - 344 = 3*y. Is p a composite number?
False
Let q(z) = 131*z + 2. Let f(g) = -2*g. Let y be f(-2). Suppose -2*p = 0, 0 = -4*s + 3*p + y - 0. Is q(s) a composite number?
True
Suppose -f = -5*f. Suppose 5*j = -f*j + 2605. Is j a composite number?
False
Let c(q) = q**3 + 6*q**2 + 8*q + 21. Let h be c(-6). Is (0 - 12252/h) + 2/9 composite?
True
Let s(p) = -p**2 + 25*p + 5. Suppose -y - 3*y = -2*j - 28, 18 = 2*y - 2*j. Suppose 2*r - 48 = -4*g, -y*g = -0*g + r - 60. Is s(g) a composite number?
True
Let f(o) = 470*o**3 + 2*o + 1. Let q be f(-1). Is q/(-9) - 14/(-21) a prime number?
True
Suppose -1 = -4*f + 15. Suppose 2*p = -b + 961, 4*p = f*b + p - 3877. Is b a prime number?
True
Let p(i) = -i**3 - 9*i**2 + 8*i - 9. Let o = -63 - -36. Let v = 16 + o. Is p(v) a prime number?
False
Suppose 0*u + 2*u - 13000 = -4*a, 3*a - 9755 = u. Is a composite?
False
Suppose 0 = -4*w - l - 226, 4*w + 205 + 27 = -4*l. Let d = -25 - w. Is d a prime number?
True
Let v = -16455 + 25236. Is v prime?
False
Let k(t) = -t**3 + t - 7. Let u be k(0). Let z(d) be the third derivative of -11*d**4/12 + d**3/2 - 12*d**2 + 1. Is z(u) a composite number?
False
Suppose 12 = -s - 0*s. Let v = s - -15. Suppose -630 = -5*h + v*b, 0*h = h - 2*b - 119. Is h prime?
False
Let s = 0 + 0. Suppose s*w = -2*w + 106. Is w prime?
True
Let j be 3 + 2/((-4)/(-2592)*-3). Suppose 0 = 3*n - 2*d + 2058, n + 676 = -0*n + 4*d. Let y = j - n. Is y prime?
False
Suppose -705 + 245 = -2*c. Suppose 7*h = -69 + c. Is h a prime number?
True
Let n(f) = 2*f - 8. Let x be n(7). Suppose 2518 = -x*i + 8*i. Is i a composite number?
False
Let r = -82 + 138. Suppose -2*z = -6*z + r. Suppose -4*y = 0, q - 2*y - z = -0. Is q a composite number?
True
Let j = -1 - -2. Is (18/36)/(j/2234) prime?
True
Suppose 0 = -4*p + 2*c + 388458, 198206 = 2*p + 5*c + 3947. Is p composite?
False
Let k be -1 - 12/(0 - 4). Suppose 0 = k*o - 3*o - 63. Let y = -37 - o. Is y a composite number?
True
Let r be (-4)/(-4) + -1 - 4. Let d(j) = 34*j**2 - 7*j - 5. Let z be d(r). Suppose -z = -4*c - 123. Is c a composite number?
True
Suppose 5*f + d = -4*d - 10, 0 = 3*f - 4*d - 22. Is ((-4)/10)/(f/(-2770)) + -3 a composite number?
True
Let t be (14/(-21))/((-2)/14115). Suppose 6*x = x + t. Is x composite?
False
Let j(i) = -151*i + 2. Let k(s) = -152*s + 3. Let r(a) = 3*j(a) - 2*k(a). Suppose m + 2 = 0, 0 = -9*z + 7*z - 3*m - 16. Is r(z) a prime number?
False
Is (7/21)/((-1)/(-747)) prime?
False
Let q(j) be the second derivative of 8*j + 28*j**4 + 1/3*j**3 + 0 + 1/2*j**2. Is q(-1) a composite number?
True
Let l(t) = 2*t**2 + 9*t + 8. Let m be l(-4). Suppose 0 = -m*i + 4*r + 760, 2*r + 565 = 3*i - 0*r. Is i a prime number?
False
Suppose -x - 922 = -c, 7*c - 11*c - 5*x = -3679. Is c a composite number?
True
Let x = -69 - -103. Suppose -x*m + 24 = -31*m. Suppose 0 = m*z - 7*z - 335. Is z a composite number?
True
Let n be (-1 - (-652)/(-6))*-12. Suppose 3*w = 2*y - 5*y, 2*y = 5*w + 21. Suppose y*o - n = -o. Is o composite?
True
Let b = 0 - -4. Suppose 0 = b*y - 0 + 4. Is (y - 0) + 20/1 a prime number?
True
Let u = 38 - 44. Let q(x) = x**3 + 7*x**2 - 1. Is q(u) a composite number?
True
Let o(j) = -j**3 + 8*j**2 + j - 8. Let n be o(8). Suppose n = 4*x - 5*a - 648 + 117, -2*x = 3*a - 271. Is x a prime number?
False
Let x(b) = -3*b + 1. Let c be x(-5). Suppose c = -u - 5*m + 4, -u + 16 = -2*m. Let g = 153 - u. Is g a composite number?
True
Suppose -5*w = 8*w - 166192. Let p = w - 4121. Is p a prime number?
True
Let c be 32*1 - (-8 + 10). Let v = c - 19. Suppose -v*n + 3*n + 1160 = 0. Is n prime?
False
Suppose 2*f = 8, 6*f - 2165 = 5*u + f. Let a = u + 131. Is a/(-4 + (-1 - -3)) a prime number?
True
Suppose 5*r + 907 = 6*r. Is r a prime number?
True
Let v be (88/16)/((-2)/(-12)). Suppose -v = -r - 109. Let p = r - -133. Is p composite?
True
Let q(u) = 11*u**2 - u + 2. Let y be q(1). Suppose y*f = -322 + 2998. Is f a composite number?
False
Let r = 8955 + -6263. Suppose 4*x + 3*f - r = 0, -5*f = -3*x - 2*f + 2019. Is x a prime number?
True
Suppose 770 = h - 2076. Is h composite?
True
Let y(h) = -h + 10. Let w be y(6). Suppose -l + 5*m = -w - 7, -l - 2*m = 10. Let b(a) = 9*a**2 + a + 3. Is b(l) a composite number?
True
Let x be (-4)/7 + 108/42. Let r(y) = 1 + 67*y**2 - 8*y**x + 50*y**2 + y. Is r(-1) composite?
False
Let t(u) = u - 8*u**3 + 1 - 2*u**2 - 1 + 12*u**3. Let h be t(1). Suppose -h*a - 86 = -5*a. Is a prime?
True
Let h = -1947 - -3308. Is h a prime number?
True
Let l be (-8)/(-1 + (-57)/(-51)). Let k = -19 - l. Is k a prime number?
False
Suppose 5*i - 8 = -2*q, -44 = 7*q - 3*q - 5*i. Let o = q + 7. Is (3/(-12))/(o/(-892)) a composite number?
False
Let t(u) = 50*u**3 + 4*u**2 - 6*u + 11. Let v be t(4). Let m = v + -2182. Is m a composite number?
False
Let m(n) = 255*n**2 - 8*n + 23. Is m(6) a prime number?
False
Let o(l) = -6*l**2 + 3*l - 124. Let u(m) = 13*m**2 - 7*m + 247. Let a(v) = -7*o(v) - 3*u(v). Is a(0) composite?
False
Let t = -35 + 39. Suppose -77 + 373 = t*w. Suppose w = 5*l - 101. Is l composite?
True
Suppose 0*b + 98 = 2*b. Let w = b - 31. Let g = -11 + w. Is g prime?
True
Let o(a) = -2*a**2 - 4*a**2 + 7*a**2 + 3 + 8*a. Let g be o(-5). Is (4/g)/((-1)/801) a prime number?
False
Let z(y) = y**3 + 10*y**2 + 10*y - 6. Let t be z(-8). Let p be (-2